{"id":43,"date":"2014-09-18T10:04:04","date_gmt":"2014-09-18T08:04:04","guid":{"rendered":"http:\/\/welt-der-kinder.gei.de\/?page_id=43"},"modified":"2022-12-22T16:00:05","modified_gmt":"2022-12-22T15:00:05","slug":"mitarbeiter","status":"publish","type":"page","link":"https:\/\/welt-der-kinder.gei.de\/?page_id=43","title":{"rendered":"Mitarbeiter &#038; Partner"},"content":{"rendered":"<h2><span style=\"color: #ff6600;\"><a style=\"color: #ff6600;\" href=\"http:\/\/www.gei.de\/home.html\">Georg-Eckert-Institut (GEI) Leibniz-Institut f\u00fcr internationale Schulbuchforschung in Braunschweig<\/a><\/span><\/h2>\n<p><!--more--><\/p>\n<p><strong><em><span style=\"color: #ff0000;\">Projektleitung\u00a0 <\/span><\/em><\/strong><a href=\"http:\/\/www.gei.de\/mitarbeiter\/prof-dr-ing-ernesto-william-de-luca.html\">Prof. Dr. Ernesto William De Luca <\/a><a href=\"https:\/\/welt-der-kinder.gei.de\/wp-content\/uploads\/2014\/09\/deluca_ernesto.jpg\"><img loading=\"lazy\" decoding=\"async\" class=\"alignnone wp-image-529\" src=\"https:\/\/welt-der-kinder.gei.de\/wp-content\/uploads\/2014\/09\/deluca_ernesto.jpg\" alt=\"deluca_ernesto\" width=\"150\" height=\"200\" \/><\/a><\/p>\n<blockquote><p><a href=\"http:\/\/www.gei.de\/mitarbeiter\/prof-dr-simone-laessig.html\">Prof. Dr. Simone L\u00e4ssig <\/a><a href=\"https:\/\/welt-der-kinder.gei.de\/wp-content\/uploads\/2014\/09\/laessig_simone.jpg\"><img loading=\"lazy\" decoding=\"async\" class=\"alignnone wp-image-675\" src=\"https:\/\/welt-der-kinder.gei.de\/wp-content\/uploads\/2014\/09\/laessig_simone-225x300.jpg\" alt=\"laessig_simone\" width=\"150\" height=\"200\" srcset=\"https:\/\/welt-der-kinder.gei.de\/wp-content\/uploads\/2014\/09\/laessig_simone-225x300.jpg 225w, https:\/\/welt-der-kinder.gei.de\/wp-content\/uploads\/2014\/09\/laessig_simone.jpg 300w\" sizes=\"auto, (max-width: 150px) 100vw, 150px\" \/><\/a><\/p>\n<p>&nbsp;<\/p><\/blockquote>\n<p><strong><em><span style=\"color: #ff6600;\">Koordinator <\/span><\/em><\/strong><a href=\"http:\/\/www.gei.de\/mitarbeiterinnen\/dr-andreas-weiss.html\">Dr. Andreas Wei\u00df\u00a0<\/a> <a href=\"https:\/\/welt-der-kinder.gei.de\/wp-content\/uploads\/2014\/09\/sw_weiss.jpg\"><img loading=\"lazy\" decoding=\"async\" class=\"alignnone size-full wp-image-125\" src=\"https:\/\/welt-der-kinder.gei.de\/wp-content\/uploads\/2014\/09\/sw_weiss.jpg\" alt=\"sw_weiss\" width=\"234\" height=\"156\" \/><\/a><\/p>\n<h4><\/h4>\n<p style=\"text-align: left;\"><a href=\"http:\/\/www.gei.de\/mitarbeiter\/maik-fiedler-ma.html\">Maik Fiedler, MA <\/a><em>(Doktorand)<\/em> <a href=\"https:\/\/welt-der-kinder.gei.de\/wp-content\/uploads\/2014\/09\/fiedler_maik.jpg\"><img loading=\"lazy\" decoding=\"async\" class=\"alignnone wp-image-672\" src=\"https:\/\/welt-der-kinder.gei.de\/wp-content\/uploads\/2014\/09\/fiedler_maik-e1472372700204.jpg\" alt=\"fiedler_maik\" width=\"150\" height=\"200\" \/><\/a><\/p>\n<p><a href=\"http:\/\/www.gei.de\/mitarbeiter\/mark-frederik-winter.html\"> Mark-Frederik Winter\u00a0 <\/a><a href=\"https:\/\/welt-der-kinder.gei.de\/wp-content\/uploads\/2014\/09\/winter_marc.jpg\"><img loading=\"lazy\" decoding=\"async\" class=\"alignnone wp-image-676\" src=\"https:\/\/welt-der-kinder.gei.de\/wp-content\/uploads\/2014\/09\/winter_marc-225x300.jpg\" alt=\"winter_marc\" width=\"150\" height=\"200\" srcset=\"https:\/\/welt-der-kinder.gei.de\/wp-content\/uploads\/2014\/09\/winter_marc-225x300.jpg 225w, https:\/\/welt-der-kinder.gei.de\/wp-content\/uploads\/2014\/09\/winter_marc.jpg 300w\" sizes=\"auto, (max-width: 150px) 100vw, 150px\" \/><\/a><\/p>\n<hr \/>\n<p>&nbsp;<\/p>\n<h2><span style=\"color: #ff6600;\">Das Deutsche Institut f\u00fcr Internationale P\u00e4dagogische Forschung (DIPF) in Frankfurt a. M.\/TU Darmstadt<\/span><\/h2>\n<p><!--more--><\/p>\n<h2><a title=\"DIPF\" href=\"http:\/\/www.dipf.de\/de\/dipf-aktuell\/aktuelles\">DIPF <\/a>&amp; <a title=\"UKP\" href=\"https:\/\/www.ukp.tu-darmstadt.de\/people\/\">TU Darmstadt<\/a><\/h2>\n<p><a href=\"https:\/\/www.ukp.tu-darmstadt.de\/people\/group-heads\/prof-dr-iryna-gurevych\/?no_cache=1&amp;L=%2Fproc%2Fself%2Fenviron\">Prof. Dr. Iryna Gurevych<\/a> <a href=\"https:\/\/welt-der-kinder.gei.de\/wp-content\/uploads\/2014\/09\/DPP_0011_neu.jpg\"><img loading=\"lazy\" decoding=\"async\" class=\"alignnone size-full wp-image-155\" src=\"https:\/\/welt-der-kinder.gei.de\/wp-content\/uploads\/2014\/09\/DPP_0011_neu.jpg\" alt=\"DPP_0011_neu\" width=\"166\" height=\"250\" \/><\/a><\/p>\n<p>&nbsp;<\/p>\n<hr \/>\n<h2><\/h2>\n<h2><span style=\"color: #ff6600;\"><a style=\"color: #ff6600;\" href=\"http:\/\/www.uni-hildesheim.de\/fb3\/institute\/iwist\/\" target=\"_blank\" rel=\"noopener\">Das Institut f\u00fcr Informationswissenschaft und Sprachtechnologie (IWIST) in Hildesheim<\/a><\/span><\/h2>\n<p><!--more--><\/p>\n<p><a href=\"http:\/\/www.uni-hildesheim.de\/fb3\/institute\/iwist\/mitglieder\/womser\/\">Prof. Dr. Christa Womser-Hacker <\/a><a href=\"https:\/\/welt-der-kinder.gei.de\/wp-content\/uploads\/2014\/09\/photo.jpg\"><img loading=\"lazy\" decoding=\"async\" class=\"alignnone size-full wp-image-163\" src=\"https:\/\/welt-der-kinder.gei.de\/wp-content\/uploads\/2014\/09\/photo.jpg\" alt=\"photo\" width=\"201\" height=\"250\" \/><\/a><\/p>\n<p><a href=\"http:\/\/www.uni-hildesheim.de\/fb3\/institute\/iwist\/mitglieder\/mandl\/\">Prof. Dr. Thomas Mandl <\/a><a href=\"https:\/\/welt-der-kinder.gei.de\/wp-content\/uploads\/2014\/09\/mandl_dts.jpg\"><img loading=\"lazy\" decoding=\"async\" class=\"alignnone size-full wp-image-164\" src=\"https:\/\/welt-der-kinder.gei.de\/wp-content\/uploads\/2014\/09\/mandl_dts.jpg\" alt=\"OLYMPUS DIGITAL CAMERA\" width=\"188\" height=\"250\" \/><\/a><\/p>\n<p>&nbsp;<\/p>\n<hr \/>\n<h2><\/h2>\n<h2><span style=\"color: #ff6600;\"><a style=\"color: #ff6600;\" href=\"http:\/\/www.ipk.uzh.ch\/index.html\" target=\"_blank\" rel=\"noopener\">Institut f\u00fcr Popul\u00e4re Kulturen (ISEK) in Z\u00fcrich<\/a><\/span><\/h2>\n<p><!--more--><\/p>\n<p><a href=\"http:\/\/www.ipk.uzh.ch\/aboutus\/people\/tomkowiak.html\">Prof. Dr. Ingrid Tomkowiak <\/a><a href=\"https:\/\/welt-der-kinder.gei.de\/wp-content\/uploads\/2014\/09\/Tomkowiak-2014.jpg\"><img loading=\"lazy\" decoding=\"async\" class=\"alignnone size-medium wp-image-210\" src=\"https:\/\/welt-der-kinder.gei.de\/wp-content\/uploads\/2014\/09\/Tomkowiak-2014-300x200.jpg\" alt=\"Tomkowiak 2014\" width=\"300\" height=\"200\" srcset=\"https:\/\/welt-der-kinder.gei.de\/wp-content\/uploads\/2014\/09\/Tomkowiak-2014-300x200.jpg 300w, https:\/\/welt-der-kinder.gei.de\/wp-content\/uploads\/2014\/09\/Tomkowiak-2014.jpg 375w\" sizes=\"auto, (max-width: 300px) 100vw, 300px\" \/><\/a><\/p>\n<hr \/>\n<h2><\/h2>\n<h2><span style=\"color: #ff6600;\"><a style=\"color: #ff6600;\" href=\"http:\/\/www.sikjm.ch\"><strong>SCHWEIZERISCHES INSTITUT F\u00dcR KINDER- UND JUGENDMEDIEN (SIKJM) IN Z\u00dcRICH<\/strong><\/a><\/span><\/h2>\n<p><!--more--><\/p>\n<p><a href=\"http:\/\/www.sikjm.ch\/ueber-uns\/team\/\">Roger Meyer, dipl. geogr.\u00a0<\/a><a href=\"https:\/\/welt-der-kinder.gei.de\/wp-content\/uploads\/2014\/09\/roger-meyer.jpg\"><img loading=\"lazy\" decoding=\"async\" class=\"alignnone size-medium wp-image-209\" src=\"https:\/\/welt-der-kinder.gei.de\/wp-content\/uploads\/2014\/09\/roger-meyer-300x225.jpg\" alt=\"roger-meyer\" width=\"300\" height=\"225\" srcset=\"https:\/\/welt-der-kinder.gei.de\/wp-content\/uploads\/2014\/09\/roger-meyer-300x225.jpg 300w, https:\/\/welt-der-kinder.gei.de\/wp-content\/uploads\/2014\/09\/roger-meyer.jpg 332w\" sizes=\"auto, (max-width: 300px) 100vw, 300px\" \/><\/a><\/p>\n<hr \/>\n<p>&nbsp;<\/p>\n<h2><span style=\"color: #ff6600;\"><a style=\"color: #ff6600;\" href=\"http:\/\/www.bsb-muenchen.de\/index.php\" target=\"_blank\" rel=\"noopener\">Bayrische StaatsBibliothek (BSB) in M\u00fcnchen<\/a><\/span><\/h2>\n<hr \/>\n<p>&nbsp;<\/p>\n<h2><a href=\"http:\/\/www.biblio.tu-bs.de\/\"><span style=\"color: #ff6600;\">Bibliothek der TU Braunschweig<\/span><\/a><\/h2>\n<hr \/>\n<p>&nbsp;<\/p>\n<h2><span style=\"color: #ff6600;\"><a style=\"color: #ff6600;\" href=\"http:\/\/www.uni-goettingen.de\/de\/goettingen-centre-for-digital-humanities-gcdh\/224183.html\">G\u00f6ttingen Centre for Digital Humanities (GCDH)<\/a><\/span><\/h2>\n<p><a href=\"http:\/\/www.uni-goettingen.de\/de\/11812.html\">Prof. Dr. Gerhard Lauer <\/a><a href=\"https:\/\/welt-der-kinder.gei.de\/wp-content\/uploads\/2014\/09\/Gerhard_Lauer.jpg\"><img loading=\"lazy\" decoding=\"async\" class=\"alignnone size-full wp-image-301\" src=\"https:\/\/welt-der-kinder.gei.de\/wp-content\/uploads\/2014\/09\/Gerhard_Lauer.jpg\" alt=\"Gerhard_Lauer\" width=\"188\" height=\"250\" \/><\/a><\/p>\n<hr \/>\n<h2 style=\"text-align: left;\">ehemalige Projektmitglieder<\/h2>\n<blockquote>\n<p style=\"text-align: left;\"><a href=\"http:\/\/www.gei.de\/mitarbeiter\/assoziierte-wissenschaftler\/robert-stroetgen-ma-dipl-inf-wiss.html\">Robert Str\u00f6tgen<\/a><em> (assoziiert)<\/em> <a href=\"https:\/\/welt-der-kinder.gei.de\/wp-content\/uploads\/2014\/09\/csm_stroetgen_neu2_b8c9265d26.jpg\"><img loading=\"lazy\" decoding=\"async\" class=\"alignnone wp-image-674 size-full\" src=\"https:\/\/welt-der-kinder.gei.de\/wp-content\/uploads\/2014\/09\/csm_stroetgen_neu2_b8c9265d26.jpg\" alt=\"csm_stroetgen_neu2_b8c9265d26\" width=\"300\" height=\"200\" \/><\/a><\/p>\n<p style=\"text-align: left;\"><a href=\"http:\/\/www.gei.de\/mitarbeiterinnen\/christine-chiriac-ma.html\">Christine Chiriac, MA <\/a><a href=\"https:\/\/welt-der-kinder.gei.de\/wp-content\/uploads\/2014\/09\/chiriac.jpg\"><img loading=\"lazy\" decoding=\"async\" class=\"alignnone wp-image-680\" src=\"https:\/\/welt-der-kinder.gei.de\/wp-content\/uploads\/2014\/09\/chiriac.jpg\" alt=\"chiriac\" width=\"154\" height=\"200\" \/><\/a><\/p>\n<p style=\"text-align: left;\">Lisa Brunkhorst<\/p>\n<p style=\"text-align: left;\"><a href=\"https:\/\/www.ukp.tu-darmstadt.de\/people\/senior-staff\/richard-eckart-de-castilho\/?no_cache=1&amp;L=%2Fproc%2Fself%2Fenviron\">Dr. Richard Eckart de Castilho<\/a>\u00a0 <a href=\"https:\/\/welt-der-kinder.gei.de\/wp-content\/uploads\/2014\/09\/Zwischenablage01.jpg\"><img loading=\"lazy\" decoding=\"async\" class=\"alignnone size-full wp-image-161\" src=\"https:\/\/welt-der-kinder.gei.de\/wp-content\/uploads\/2014\/09\/Zwischenablage01.jpg\" alt=\"Zwischenablage01\" width=\"193\" height=\"250\" \/><\/a><\/p>\n<p style=\"text-align: left;\"><a href=\"http:\/\/www.uni-hildesheim.de\/fb3\/institute\/iwist\/mitglieder\/heuwing\/\">Dr. Ben Heuwing <\/a><a href=\"https:\/\/welt-der-kinder.gei.de\/wp-content\/uploads\/2014\/09\/ben_heuwing-gross.jpg\"><img loading=\"lazy\" decoding=\"async\" class=\"alignnone size-full wp-image-167\" src=\"https:\/\/welt-der-kinder.gei.de\/wp-content\/uploads\/2014\/09\/ben_heuwing-gross.jpg\" alt=\"ben_heuwing-gross\" width=\"167\" height=\"250\" \/><\/a><\/p>\n<p style=\"text-align: left;\"><a href=\"https:\/\/www.ukp.tu-darmstadt.de\/people\/doctoral-researchers\/carsten-schnober\/\">Carsten Schnober, M. Sc.<\/a>\u00a0 <a href=\"https:\/\/welt-der-kinder.gei.de\/wp-content\/uploads\/2014\/09\/schnober_carsten-crop.jpg\"><img loading=\"lazy\" decoding=\"async\" class=\"alignnone size-full wp-image-156\" src=\"https:\/\/welt-der-kinder.gei.de\/wp-content\/uploads\/2014\/09\/schnober_carsten-crop.jpg\" alt=\"schnober_carsten-crop\" width=\"196\" height=\"250\" \/><\/a><\/p>\n<\/blockquote>\n","protected":false},"excerpt":{"rendered":"<p>Georg-Eckert-Institut (GEI) Leibniz-Institut f\u00fcr internationale Schulbuchforschung in Braunschweig<\/p>\n","protected":false},"author":4,"featured_media":0,"parent":0,"menu_order":5,"comment_status":"closed","ping_status":"open","template":"","meta":{"footnotes":""},"class_list":["post-43","page","type-page","status-publish","hentry"],"_links":{"self":[{"href":"https:\/\/welt-der-kinder.gei.de\/index.php?rest_route=\/wp\/v2\/pages\/43","targetHints":{"allow":["GET"]}}],"collection":[{"href":"https:\/\/welt-der-kinder.gei.de\/index.php?rest_route=\/wp\/v2\/pages"}],"about":[{"href":"https:\/\/welt-der-kinder.gei.de\/index.php?rest_route=\/wp\/v2\/types\/page"}],"author":[{"embeddable":true,"href":"https:\/\/welt-der-kinder.gei.de\/index.php?rest_route=\/wp\/v2\/users\/4"}],"replies":[{"embeddable":true,"href":"https:\/\/welt-der-kinder.gei.de\/index.php?rest_route=%2Fwp%2Fv2%2Fcomments&post=43"}],"version-history":[{"count":119,"href":"https:\/\/welt-der-kinder.gei.de\/index.php?rest_route=\/wp\/v2\/pages\/43\/revisions"}],"predecessor-version":[{"id":953,"href":"https:\/\/welt-der-kinder.gei.de\/index.php?rest_route=\/wp\/v2\/pages\/43\/revisions\/953"}],"wp:attachment":[{"href":"https:\/\/welt-der-kinder.gei.de\/index.php?rest_route=%2Fwp%2Fv2%2Fmedia&parent=43"}],"curies":[{"name":"wp","href":"https:\/\/api.w.org\/{rel}","templated":true}]}}