{"id":15,"date":"2014-03-14T17:35:48","date_gmt":"2014-03-14T16:35:48","guid":{"rendered":"http:\/\/welt-der-kinder.gei.de\/?page_id=15"},"modified":"2022-12-22T16:00:05","modified_gmt":"2022-12-22T15:00:05","slug":"impressum","status":"publish","type":"page","link":"https:\/\/welt-der-kinder.gei.de\/?page_id=15","title":{"rendered":"Impressum"},"content":{"rendered":"<p>Georg-Eckert-Institut \u2013 Leibniz-Institut f\u00fcr internationale Schulbuchforschung<br \/>\nCeller Stra\u00dfe 3<br \/>\n38114 Braunschweig<br \/>\nTel.: +49 (0)531 59099 -0<br \/>\nFax: +49 (0)531 59099 -199<br \/>\nE-Mail: <a href=\"javascript:secureDecryptAndNavigate('k0wtvxRh+FgB386Bk+l6g0rEbctLHzWUnaIRr+Z6oXfOmzbxWYfWL8pf6qrkId7WuUkDnMZqkLdhwFXhzUv9nN9i', '1166cf110540bb59acf6d359c947bcf78c6adf3e3399e5ec60854d2634c7b9cd')\">info [at] gei [dot] de<\/a><\/p>\n<p>Das Georg-Eckert-Institut ist eine Anstalt des \u00f6ffentlichen Rechts.<br \/>\nSitz des Institutes: Braunschweig<\/p>\n<p><strong>Urheberrechtshinweise<\/strong><br \/>\nAlle auf dieser Website ver\u00f6ffentlichten Beitr\u00e4ge und Abbildungen sind urheberrechtlich gesch\u00fctzt. Jede vom Urheberrechtsgesetz nicht zugelassene Verwertung bedarf vorheriger schriftlicher Zustimmung des Anbieters. Dies gilt insbesondere f\u00fcr Vervielf\u00e4ltigung, Bearbeitung, \u00dcbersetzung, Einspeicherung, Verarbeitung bzw. Wiedergabe von Inhalten in Datenbanken oder anderen elektronischen Medien und Systemen. Fotokopien und Downloads von Web-Seiten d\u00fcrfen nur f\u00fcr den pers\u00f6nlichen, privaten und nicht kommerziellen Gebrauch hergestellt werden.<\/p>\n<p><strong>Haftung<\/strong><br \/>\n<em>Externe Links<\/em><br \/>\nDie Inhalte externer Links werden von uns nicht gepr\u00fcft. Sie unterliegen der Haftung der jeweiligen Anbieter.<br \/>\n<em>Informationen auf dieser Website<\/em><br \/>\nDie Inhalte dieser Website werden mit gr\u00f6\u00dftm\u00f6glicher Sorgfalt recherchiert. Gleichwohl \u00fcbernimmt der Anbieter keine Haftung f\u00fcr die Richtigkeit, Vollst\u00e4ndigkeit und Aktualit\u00e4t der bereit gestellten Informationen.<\/p>\n<p><strong>Datenschutzerkl\u00e4rung<\/strong><br \/>\nDiese Website benutzt <a href=\"http:\/\/piwik.org\" target=\"_blank\" rel=\"noopener\">Piwik<\/a>, eine Open-Source-Software zur statistischen Auswertung der Besucherzugriffe. Piwik verwendet dabei &#8222;Cookies&#8220;, d.h. Textdateien, die auf Ihrem Computer gespeichert werden und die eine Analyse der Benutzung der Website durch Sie erm\u00f6glichen. Die erzeugten Informationen \u00fcber Ihre Benutzung dieses Internetangebotes werden auf einem Server des GEI in Deutschland gespeichert und nicht an Dritte weitergegeben. Die IP-Adresse wird sofort nach der Verarbeitung und vor deren Speicherung anonymisiert.<\/p>\n<p>[no_piwik]<\/p>\n","protected":false},"excerpt":{"rendered":"<p>Georg-Eckert-Institut \u2013 Leibniz-Institut f\u00fcr internationale Schulbuchforschung Celler Stra\u00dfe 3 38114 Braunschweig Tel.: +49 (0)531 59099 -0 Fax: +49 (0)531 59099 -199 E-Mail: info [at] gei [dot] de Das Georg-Eckert-Institut ist eine Anstalt des \u00f6ffentlichen Rechts. Sitz des Institutes: Braunschweig Urheberrechtshinweise Alle auf dieser Website ver\u00f6ffentlichten Beitr\u00e4ge und Abbildungen sind urheberrechtlich gesch\u00fctzt. Jede vom Urheberrechtsgesetz nicht [&hellip;]<\/p>\n","protected":false},"author":1,"featured_media":0,"parent":0,"menu_order":0,"comment_status":"closed","ping_status":"open","template":"","meta":{"footnotes":""},"class_list":["post-15","page","type-page","status-publish","hentry"],"_links":{"self":[{"href":"https:\/\/welt-der-kinder.gei.de\/index.php?rest_route=\/wp\/v2\/pages\/15","targetHints":{"allow":["GET"]}}],"collection":[{"href":"https:\/\/welt-der-kinder.gei.de\/index.php?rest_route=\/wp\/v2\/pages"}],"about":[{"href":"https:\/\/welt-der-kinder.gei.de\/index.php?rest_route=\/wp\/v2\/types\/page"}],"author":[{"embeddable":true,"href":"https:\/\/welt-der-kinder.gei.de\/index.php?rest_route=\/wp\/v2\/users\/1"}],"replies":[{"embeddable":true,"href":"https:\/\/welt-der-kinder.gei.de\/index.php?rest_route=%2Fwp%2Fv2%2Fcomments&post=15"}],"version-history":[{"count":2,"href":"https:\/\/welt-der-kinder.gei.de\/index.php?rest_route=\/wp\/v2\/pages\/15\/revisions"}],"predecessor-version":[{"id":952,"href":"https:\/\/welt-der-kinder.gei.de\/index.php?rest_route=\/wp\/v2\/pages\/15\/revisions\/952"}],"wp:attachment":[{"href":"https:\/\/welt-der-kinder.gei.de\/index.php?rest_route=%2Fwp%2Fv2%2Fmedia&parent=15"}],"curies":[{"name":"wp","href":"https:\/\/api.w.org\/{rel}","templated":true}]}}